 306 a factor of 40360482?
True
Is 1538 a factor of 970449370?
False
Is 384 a factor of 231697152?
True
Is 22729216 a multiple of 146?
False
Is 660615325 a multiple of 19?
False
Does 16146 divide 3375022908?
False
Does 316 divide 4268844?
True
Does 108 divide 721884060?
False
Is 56 a factor of 85928065?
False
Is 7409434 a multiple of 1882?
True
Is 253 a factor of 523718349?
True
Is 46 a factor of 1198805?
False
Does 140 divide 342046128?
False
Is 386349389 a multiple of 18?
False
Is 7 a factor of 3205128710?
True
Does 18 divide 661126?
False
Does 49 divide 1046468847?
False
Is 939 a factor of 3472119220?
False
Does 13 divide 24950692?
True
Is 29591760 a multiple of 2904?
True
Is 340 a factor of 24524110?
False
Is 7215930 a multiple of 15?
True
Is 832 a factor of 228549568?
True
Is 112633958 a multiple of 41?
False
Is 84 a factor of 243522132?
True
Does 41 divide 75062923?
True
Is 552 a factor of 105417747?
False
Is 146 a factor of 8104919?
False
Does 916 divide 10164466?
False
Is 428536320 a multiple of 60?
True
Is 443 a factor of 1249027868?
True
Is 1249104192 a multiple of 96?
True
Is 17041344 a multiple of 192?
True
Is 12 a factor of 46981188?
True
Is 261 a factor of 175524371?
False
Is 57332376 a multiple of 72?
True
Is 77232719 a multiple of 7?
False
Is 43929891 a multiple of 27?
True
Is 204563854 a multiple of 58?
True
Is 8385965 a multiple of 775?
False
Is 5126570 a multiple of 3?
False
Does 282 divide 2649169926?
False
Is 2942802 a multiple of 25?
False
Is 11726563 a multiple of 15?
False
Does 75 divide 36439524?
False
Does 21 divide 84422940?
True
Is 3486049673 a multiple of 688?
False
Does 1196 divide 281656662?
False
Does 80 divide 196572720?
True
Is 3107 a factor of 381082871?
True
Is 9 a factor of 129688559?
False
Does 14 divide 25420696?
True
Is 7 a factor of 3480895?
False
Is 12099793 a multiple of 9?
False
Is 2069074815 a multiple of 13?
False
Does 646 divide 604211465?
False
Does 59 divide 128595928?
True
Does 830 divide 1463528210?
True
Is 2995 a factor of 390731288?
False
Does 7 divide 13157606?
True
Is 1317 a factor of 67031349?
True
Does 478 divide 460996106?
True
Is 300079694 a multiple of 83?
True
Does 7 divide 17938893?
True
Is 723 a factor of 3306279?
True
Is 44012646 a multiple of 486?
True
Is 246813952 a multiple of 176?
True
Does 579 divide 4904623?
False
Is 27 a factor of 2439666?
True
Is 688 a factor of 78990769?
False
Is 3507 a factor of 175160622?
True
Does 801 divide 639461214?
False
Does 1088 divide 1128274496?
True
Is 166405176 a multiple of 467?
True
Is 94788828 a multiple of 18?
True
Is 872457 a multiple of 4?
False
Is 7932519 a multiple of 1309?
False
Does 4868 divide 113300304?
False
Does 3 divide 14746089?
True
Is 79890145 a multiple of 911?
True
Does 77 divide 4684627332?
True
Is 115 a factor of 28290920?
True
Is 217682108 a multiple of 2324?
True
Does 193 divide 7993441?
False
Does 109 divide 124657523?
True
Is 35122800 a multiple of 5?
True
Does 4734 divide 684602676?
True
Does 1598 divide 116933598?
False
Is 826982632 a multiple of 9?
False
Does 714 divide 61638192?
True
Is 16962981 a multiple of 3?
True
Is 323 a factor of 95760304?
False
Does 1584 divide 843226181?
False
Does 76 divide 434567012?
True
Is 1545507894 a multiple of 8344?
False
Is 8452 a factor of 549849929?
False
Does 93 divide 76104783?
True
Is 2536501838 a multiple of 1846?
True
Is 5002047828 a multiple of 101?
False
Is 17 a factor of 19575942?
True
Is 218103191 a multiple of 14?
False
Is 799194944 a multiple of 32?
True
Does 557 divide 1467299530?
True
Is 25 a factor of 2071417475?
True
Is 5 a factor of 36973386?
False
Is 4 a factor of 62481664?
True
Does 258 divide 20458884?
True
Is 40518737 a multiple of 106?
False
Does 20 divide 63125460?
True
Is 14 a factor of 69394724?
True
Is 151795130 a multiple of 69?
False
Is 4 a factor of 285028158?
False
Is 43874484 a multiple of 204?
True
Does 7 divide 38986437?
True
Is 35153212 a multiple of 34?
True
Is 102966383 a multiple of 175?
False
Does 158 divide 781706924?
False
Is 578 a factor of 1258599109?
False
Is 22 a factor of 341015906?
True
Does 395 divide 149892625?
True
Is 116 a factor of 152558096?
True
Is 65 a factor of 81071510?
True
Is 145921050 a multiple of 450?
True
Does 10 divide 6884510?
True
Is 35959049 a multiple of 704?
False
Is 30028483 a multiple of 358?
False
Is 36719883 a multiple of 208?
False
Does 1202 divide 20586666?
False
Is 58846631 a multiple of 19?
False
Is 33441603 a multiple of 39?
True
Does 11 divide 475539783?
False
Is 91 a factor of 21788494?
True
Is 29 a factor of 26456559?
False
Is 45 a factor of 338923?
False
Is 587 a factor of 3922891842?
False
Is 203 a factor of 343984386?
False
Is 33 a factor of 3495606?
False
Is 9 a factor of 31388634?
True
Is 507 a factor of 30177147?
True
Is 1114 a factor of 29884457?
False
Is 269 a factor of 56549718?
True
Is 135385436 a multiple of 5?
False
Is 556225316 a multiple of 25?
False
Is 551 a factor of 158929857?
False
Is 5285 a factor of 94353105?
True
Is 71753260 a multiple of 24?
False
Is 3 a factor of 2049664?
False
Does 81 divide 185817159?
True
Is 13 a factor of 114713911?
True
Does 36 divide 90542448?
True
Is 434739336 a multiple of 1266?
True
Is 1098 a factor of 3857250942?
True
Does 11 divide 66891693?
True
Does 1086 divide 22505283?
False
Is 9 a factor of 4583952?
True
Is 180 a factor of 32539432?
False
Is 16305672 a multiple of 4?
True
Is 7838187 a multiple of 497?
True
Is 2192388251 a multiple of 213?
False
Is 15354570 a multiple of 21?
True
Is 81 a factor of 1625651?
False
Does 95 divide 29137355?
True
Is 7 a factor of 21830297?
False
Does 5 divide 388070?
True
Does 231 divide 295597149?
False
Is 247 a factor of 225171622?
True
Is 222 a factor of 26353176?
True
Does 6751 divide 449157532?
True
Does 10 divide 328482570?
True
Does 85 divide 274509370?
True
Does 433 divide 126891516?
True
Does 13 divide 779392243?
False
Is 28 a factor of 525156604?
True
Does 590 divide 34591850?
False
Does 160 divide 16439360?
True
Is 91 a factor of 293810818?
False
Does 61 divide 780336208?
False
Is 112 a factor of 6515936?
True
Does 288 divide 579291830?
False
Does 855 divide 40453470?
True
Is 40 a factor of 62272211?
False
Does 350 divide 6565374900?
True
Does 12 divide 70913001?
False
Is 22751640 a multiple of 12?
True
Is 204122197 a multiple of 550?
False
Does 259 divide 311890390?
True
Is 68376105 a multiple of 1657?
True
Is 14851281 a multiple of 1816?
False
Is 2260 a factor of 1085279120?
True
Does 223 divide 2018115?
False
Does 313 divide 12064767?
False
Is 22 a factor of 22144386?
True
Is 4756359 a multiple of 743?
False
Is 2631343629 a multiple of 5241?
True
Is 138 a factor of 139356678?
True
Is 14502222 a multiple of 21?
True
Is 180276579 a multiple of 107?
False
Does 82 divide 11410218?
True
Is 571437065 a multiple of 244?
False
Is 1690875043 a multiple of 13?
True
Is 97 a factor of 209967420?
False
Is 719546148 a multiple of 51?
True
Does 834 divide 347309292?
True
Is 1134596928 a multiple of 87?
True
Does 2818 divide 48001812?
True
Does 108 divide 716938452?
True
Is 1774 a factor of 42269098?
True
Does 1566 divide 269577504?
True
Does 439 divide 103427522?
True
Is 1255 a factor of 1101133235?
True
Is 18 a factor of 36287615?
False
Is 34 a factor of 75089432?
False
Is 6 a factor of 2771612?
False
Does 71 divide 1745626?
False
Does 42 divide 9544164?
True
Is 484 a factor of 77432763?
False
Is 13 a factor of 390295286?
False
Is 17364957 a multiple of 8?
False
Is 2038 a factor of 1632391126?
True
Does 11 divide 33924413?
False
Is 75 a factor of 1682386350?
True
Is 79 a factor of 312984623?
False
Does 16 divide 256304244?
False
Is 120425166 a multiple of 9?
True
Does 48 divide 100289088?
True
Is 6858172 a multiple of 37?
True
Is 533877500 a multiple of 13?
True
Is 20 a factor of 19056868?
False
Is 19 a factor of 68059553?
False
Does 47 divide 182507290?
False
Is 1019473656 a multiple of 6728?
True
Does 624 divide 59131488?
True
Does 127 divide 102650015?
False
Is 42593857 a multiple of 16?
False
Does 3402 divide 707765688?
True
Is 793938424 a multiple of 39?
False
Is 91924315 a multiple of 167?
True
Does 38 divide 26504600?
False
Is 186 a factor of 1567692072?
True
Is 929 a factor of 28939279?
True
Is 66 a facto